01101000000 (base 2) in base 6?
-125150212
-56306310 (base 7) to base 5
-2222014432
-6a623 (base 15) to base 8
-1225703
What is 1533502 (base 6) in base 16?
1608e
What is -12122021010 (base 3) in base 5?
-12023000
What is -1112200012011 (base 3) in base 15?
-113094
What is 318bbb (base 13) in base 16?
11bb2d
Convert d7a9a (base 16) to base 14.
18dcca
-101210012022221 (base 3) to base 2
-10101110111010100110111
What is 9ee01 (base 16) in base 7?
5350145
Convert -232101210 (base 6) to base 14.
-7dd2d0
1310010210 (base 4) to base 11
2a5218
-cdc515 (base 14) to base 9
-14128601
2a85c3 (base 16) to base 15
3a0a8a
-93067 (base 11) to base 2
-100001001010011011
What is 1130300223 (base 4) in base 6?
12051003
What is 153201 (base 6) in base 13?
6a81
-3034424004 (base 5) to base 12
-2096a88
What is 1110101100100101110 (base 2) in base 10?
481582
What is 210425222 (base 6) in base 14?
6b8d0a
Convert -73897 (base 11) to base 15.
-21d04
What is -153541 (base 10) in base 13?
-54b6b
8b895 (base 14) to base 13
bb522
Convert 2416112 (base 8) to base 10.
662602
Convert -1d984d (base 15) to base 7.
-15215446
1314054 (base 7) to base 16
29f6a
-102112211110 (base 3) to base 12
-ab679
545132133 (base 6) to base 15
cccc3c
Convert 1339471 (base 11) to base 8.
10642012
What is 22110222002211 (base 3) in base 7?
53210140
What is -363574 (base 8) in base 15?
-26e9b
What is -1033034250 (base 6) in base 7?
-163012452
Convert -507335 (base 9) to base 11.
-195954
-22376 (base 14) to base 6
-1440152
What is -5424333 (base 6) in base 8?
-1013301
What is -2100151 (base 8) in base 13?
-1667a7
-28711 (base 14) to base 7
-565021
45461540 (base 7) to base 4
33013323323
What is 11101001011110010001101 (base 2) in base 5?
3424303240
Convert 1421531 (base 7) to base 5.
22042124
510ec (base 15) to base 16
3ead2
Convert -121230200330 (base 4) to base 9.
-13605858
Convert 820496 (base 13) to base 8.
13432451
What is -100020212000 (base 3) in base 9?
-306760
What is -6ba165 (base 12) in base 10?
-1738589
What is 640b4 (base 14) in base 6?
5102354
-6968529 (base 10) to base 8
-32452321
Convert 2653086 (base 9) to base 12.
5a0506
-5232510 (base 6) to base 8
-756632
What is 76c7b2 (base 14) in base 8?
17276430
Convert 21121133 (base 6) to base 7.
5150220
-14336496 (base 10) to base 16
-dac1f0
What is -ba21f (base 16) in base 7?
-6323511
34b0b59 (base 12) to base 13
2156c7c
-2005157 (base 9) to base 4
-10010122210
What is 188b68 (base 12) in base 3?
210212010122
Convert -222022133 (base 4) to base 8.
-521237
Convert -14829 (base 16) to base 11.
-58132
-a3854 (base 11) to base 14
-3d286
Convert 5664505 (base 12) to base 10.
16554965
Convert 1233103101 (base 5) to base 6.
144413315
15f2f4 (base 16) to base 7
15140511
Convert 3430333 (base 5) to base 12.
2b5bb
Convert -1003122022 (base 4) to base 15.
-56c21
Convert 110011210021 (base 3) to base 14.
634c6
What is 304005 (base 8) in base 4?
120200011
What is -16033 (base 7) in base 12?
-2717
Convert -101221222011121 (base 3) to base 13.
-128c7a3
What is 203021200230 (base 4) in base 16?
8c982c
Convert 11012330 (base 4) to base 10.
20924
What is 158804 (base 10) in base 4?
212301110
1201401 (base 7) to base 13
54132
-201101210121 (base 3) to base 14
-9d230
10110000011001101 (base 2) to base 12
44325
-536225 (base 7) to base 11
-64201
-1728d (base 15) to base 8
-222121
Convert 42fba (base 16) to base 2.
1000010111110111010
-3719a (base 12) to base 10
-74566
Convert 111101001101000000011 (base 2) to base 10.
2005507
-39a7a (base 11) to base 13
-2005c
What is -11506536 (base 7) in base 9?
-1835480
What is 1120211202211 (base 3) in base 2?
11001101111000010110
What is -1525514 (base 6) in base 11?
-61191
637253 (base 9) to base 14
9c322
Convert -231101103 (base 4) to base 2.
-101101010001010011
11814476 (base 9) to base 10
5796672
Convert -11010110011101111 (base 2) to base 14.
-2c035
What is 4406688 (base 9) in base 3?
11110020202222
What is 2545462 (base 7) in base 14?
88832
a3cd (base 14) to base 10
28209
-6cb53 (base 14) to base 13
-93bbb
Convert -1101110001110010101110 (base 2) to base 15.
-4b5282
What is -2205874 (base 10) in base 14?
-415c66
Convert -2381 (base 12) to base 15.
-12aa
2779b (base 13) to base 3
10202020210
What is -49054 (base 15) in base 4?
-320313322
Convert -97811 (base 15) to base 14.
-c745c
What is -1c316a (base 16) in base 10?
-1847658
What is -54b128 (base 12) in base 5?
-321040123
Convert -126db (base 14) to base 5.
-2422043
11204 (base 14) to base 9
63003
232452166 (base 7) to base 13
2c72c4a
What is -8214 (base 12) in base 10?
-14128
What is -134542 (base 7) in base 15?
-7907
Convert -345968 (base 12) to base 4.
-3030330200
What is 2902 (base 15) in base 11?
665a
What is 1010430 (base 5) in base 8?
37755
What is -157493 (base 11) in base 7?
-2034556
-a1880 (base 12) to base 13
-74979
What is -5058b4 (base 14) in base 4?
-22110102312
What is -47115 (base 8) in base 7?
-112304
What is 4520c1 (base 13) in base 2?
110001110100100010000
What is -344401332 (base 6) in base 9?
-12888122
Convert -c5173 (base 15) to base 4.
-2120201010
Convert 110010110110101000 (base 2) to base 15.
41ab6
What is -400740 (base 8) in base 9?
-220408
-2b4670 (base 13) to base 4
-10010122122
What is -1000022121102221 (base 3) in base 8?
-67304125
1223021311 (base 4) to base 11
27a831
What is -e148 (base 15) in base 6?
-1004035
Convert 384897 (base 15) to base 9.
5062657
Convert 345cca (base 15) to base 4.
21202130212
What is 3225552 (base 7) in base 4?
1200002100
What is -18aaa9a (base 13) in base 2?
-11110111011001000110110
-226516561 (base 7) to base 5
-12034040424
What is 1033bb5 (base 12) in base 11?
17a7381
1021222000201 (base 3) to base 15
d8d9a
Convert 69b251 (base 12) to base 2.
110011110110010011101
What is -11a8c4a (base 13) in base 16?
-53f992
Convert 121120101020 (base 3) to base 12.
1388a3
450a34 (base 11) to base 7
6052131
246072 (base 9) to base 8
442455
Convert 7201 (base 9) to base 12.
306a
What is 322133001 (base 4) in base 15?
4aea3
What is 1200002102201 (base 3) in base 2?
11011000101011010101
10312424 (base 5) to base 7
515662
What is -706413 (base 10) in base 3?
-1022220000110
What is -1033122223 (base 5) in base 15?
-2e365d
-29b584 (base 12) to base 11
-441016
Convert 140001041 (base 5) to base 7.
5656232
Convert -db33f (base 16) to base 14.
-1952c7
-68614 (base 9) to base 3
-2022200111
What is 13224035 (base 6) in base 14?
b5d67
What is 1430030142 (base 5) in base 10?
3751922
125cc9a (base 13) to base 3
101210122210020
What is 4112211 (base 5) in base 15?
14ac1
What is -10100001000110110100111 (base 2) in base 10?
-5279143
What is -7702754 (base 11) in base 16?
-ce7acc
Convert 2220531 (base 8) to base 12.
24a335
5572527 (base 8) to base 3
2211102220220
What is -10122012100101 (base 3) in base 11?
-1100190
5310652 (base 7) to base 11
3a898a
124243423 (base 5) to base 2
10010111000001110101
What is -22313113 (base 4) in base 9?
-67037
b5ca (base 14) to base 4
13221232
Convert -77829 (base 15) to base 4.
-1130232333
8515728 (base 9) to base 14
868ccc
310071 (base 11) to base 9
837851
Convert 11001011111110011001 (base 2) to base 15.
11783b
Convert 31001320033 (base 4) to base 8.
15017017
What is -25174828 (base 9) in base 16?
-bc2abd
Convert -6a42572 (base 12) to base 14.
-2a15a18
1053321 (base 7) to base 3
20122111010
What is 2286423 (base 13) in base 11?
6006a16
641444 (base 7) to base 6
2213545
Convert 1402466 (base 7) to base 11.
117666
What is -3840600 (base 9) in base 10?
-2093445
1220033103 (base 4) to base 14
b1855
Convert 60347 (base 12) to base 4.
132133213
237557b (base 12) to base 14
caca99
What is -1054664 (base 8) in base 16?
-459b4
What is 22b65 (base 12) in base 9?
70815
210210010221212 (base 3) to base 16
b0a4a9
Convert 10403605 (base 9) to base 7.
60453641
-614243 (base 7) to base 10
-104744
3212131033 (base 4) to base 13
270868
39720 (base 15) to base 5
21340410
Convert 10133223100 (base 4) to base 3.
2012212100111
201314203 (base 5) to base 3
1112000120202
What is -1214e7 (base 16) in base 15?
-18619e
-4302124 (base 6) to base 7
-1534342
-310203141 (base 5) to base 7
-13452523
1010100011001000011 (base 2) to base 6
11224151
Convert 1113101321 (base 4) to base 16.
57479
1350550 (base 6) to base 7
436353
